y w.
9
Let x = -757 - -249. Let j = -193 - x. What is the remainder when j is divided by 80?
75
Suppose 2*m - s + 192 = 649, s = 3*m - 682. What is the remainder when 4044 is divided by m?
219
Let h = 40 + -34. Suppose q - 46 = 4*d, -h*q + 4*q + 59 = -5*d. Let c = 27 - d. Calculate the remainder when c is divided by 21.
17
Calculate the remainder when 1/((-8)/(-3984)) - 9 is divided by (-2 + (-26)/(-3))*225/125.
9
Let l(o) = 16*o**2 - 94*o - 348. Calculate the remainder when l(-4) is divided by 143.
141
Let l(k) = -k**2 - 48*k + 507. What is the remainder when 817 is divided by l(-56)?
50
Calculate the remainder when 5031 is divided by (-3 + (49 - 29))/(1/4).
67
Let m(w) = 578*w - 170. Let k be m(5). Suppose 102*a = 82*a + k. Calculate the remainder when a is divided by 5.
1
Let i = 60 - 37. Let b = 2681 + -2678. Calculate the remainder when i is divided by b.
2
Let r = -4979 - -6767. Calculate the remainder when 3600 is divided by r.
24
Let o = -83 + 82. Let y be o/((-4)/958) + 3/6. Let u = y + -171. Calculate the remainder when u is divided by 18.
15
Suppose 3*c = -4*o + 22, 17*c = 12*c + 10. Let k(n) = 16*n - 29. Calculate the remainder when k(o) is divided by 12.
11
Suppose -10*p = 22*p - 192. Calculate the remainder when (-12 - -15)/(p/44) is divided by 6.
4
Suppose -26 = 27*i - 107. Suppose -4*f - d = -1327, i*d - 18 + 9 = 0. What is the remainder when f is divided by 28?
23
Suppose 3*g = 4*g - 69. Let c = -35 + g. Suppose 5*o + 5*s - 42 = -2, 9 = o + 2*s. What is the remainder when c is divided by o?
6
Suppose -23 = -3*x + 25. Let z(l) = 6*l**3 + 68*l**2 + 114*l + 5. What is the remainder when x is divided by z(-2)?
0
Let p(k) = 8*k**2 + 2*k + 2. Suppose -3*n = -5*i - 37, 23 = -462*n + 465*n + 2*i. Calculate the remainder when p(-2) is divided by n.
3
Suppose -5*t - 65 = -6*d + d, 0 = 4*t + 16. Calculate the remainder when 62 is divided by ((5200/24)/(-13))/((-6)/d).
12
Let m = 764 - 540. Suppose -m = -4*y - 3*r, y + 0*y + 3*r = 56. What is the remainder when 178 is divided by y?
10
Let r be (-90)/150 - (-74)/(-10). Let v be (-2)/(-2)*((-4)/4 - r). Suppose -5*n = -v*n + 26. Calculate the remainder when n is divided by 7.
6
Suppose 36250 = 3*y + 4*d, -5*y = -433*d + 435*d - 60454. Calculate the remainder when y is divided by 168.
166
Let x(z) = z**2 - 24*z + 111. Let y be x(22). Suppose 2*a - 81 = -k + y, k - 373 = -5*a. What is the remainder when a is divided by 11?
9
Suppose -142*x + 9958 = -4384. What is the remainder when 742 is divided by x?
35
Let u = 10 + -7. Let i = u - -5. Calculate the remainder when 1 - 265*11/(-110)*(-1 - -3) is divided by i.
6
Let k(l) be the second derivative of -31*l**3/6 - 4*l**2 - 9*l. Let t be k(-2). Suppose 6*d + 12 = t. Calculate the remainder when 33 is divided by d.
5
Let r = 84 + -15. Let i(l) = -5*l - 27. Suppose -20*z = -16*z + 28. What is the remainder when r is divided by i(z)?
5
Let y(x) = -x**3 - 3*x**2 + x + 3. Let l be y(-3). Suppose -13*u + 29 + 699 = l. Let m = -21 + 41. What is the remainder when u is divided by m?
16
Suppose -3*h = 5*j - 3569, 6*j - 9*j - h + 2147 = 0. What is the remainder when j is divided by 119?
4
Let s(j) = 310*j**2 + 30*j - 20. Let t be s(4). Suppose -t = d - 23*d. What is the remainder when d is divided by 53?
18
Let p = -417 + 337. What is the remainder when 118 is divided by 5/(-40)*4*p?
38
Suppose -128*d - 720 = -131*d. Suppose -8*w = -7*w - d. Calculate the remainder when w is divided by 61.
57
Suppose 0 = -g + 5, 66*k - 515 = 63*k + 2*g. What is the remainder when k is divided by 19 + 0 + -6 - 2?
10
Suppose -53*r - 5*a = -57*r + 189, -4*r + 6*a = -194. What is the remainder when r is divided by (-3 + 4)*2*11?
19
Let m = -19285 - -19325. What is the remainder when 1920 is divided by m?
0
Let m be (-1*(-12)/(-8) + 2)*-8. Let v(u) = -99*u. Let s be v(m). Let p = s + -279. What is the remainder when p is divided by 30?
27
Let u be -3 - ((-66)/2 + -3). Let b = 2 + u. Suppose 0 = 3*l - 3*a - 39, l + 34*a - 29*a + 11 = 0. What is the remainder when b is divided by l?
8
Let b(l) = -l**3 - 3*l**2 + 35*l - 300. What is the remainder when 1087 is divided by b(-11)?
238
Let h(g) = 13*g + 908. What is the remainder when 11404 is divided by h(-69)?
8
Suppose 18155 = 133*i - 1662. What is the remainder when 1635 is divided by i?
145
Let j = -20447 - -20465. Suppose -3*i + 19 + 11 = 0. What is the remainder when j is divided by i?
8
Suppose -4*h + 34181 = -g, -588*g + 42756 = 5*h - 585*g. Calculate the remainder when h is divided by 9.
6
Suppose z - 2*a = 16, -6*a + 26 = 3*z - a. Let l(w) = 2*w**2 + 106*w + 5. Suppose -52*m = -6*m + 2438. What is the remainder when z is divided by l(m)?
2
Let u(x) = 11*x + 2. Suppose -1265 + 1121 = -12*n. What is the remainder when u(3) is divided by n?
11
Suppose 0 = 4*w - 165 + 13. What is the remainder when w is divided by 14/63 + 2191/63?
3
Let y = 87 + -82. Suppose -y*v = -3*u + 2646, 0 = -2*u + 4*v - 8*v + 1742. What is the remainder when u is divided by 44?
41
Suppose -2*x + 630 = -3*n + 239, -3*x + 3*n = -579. Suppose 28*h - 577 = -45. What is the remainder when x is divided by h?
17
Suppose -10*c = -331 - 4079. Calculate the remainder when c is divided by 152.
137
Suppose -4*u + l = -222, 5*u - 19*l + 18*l - 278 = 0. Calculate the remainder when u is divided by 4032/420 + 6/10*-1.
2
Let n = 80 + -71. Suppose 23*p - 582 = 17*p. What is the remainder when p is divided by n?
7
Suppose 42*s - 4376 + 1280 = 33*s. What is the remainder when 1048 is divided by s?
16
Suppose -5*m - 21 = -3*x, -5*x = -9*x + 4*m + 20. What is the remainder when (6/(-2) - -4)/(x/94) is divided by 37?
10
Let z(l) = l**2 + 12*l + 21. Let p(w) = -w**2 - 12*w - 21. Let u(a) = -4*p(a) - 3*z(a). What is the remainder when 197 is divided by u(-11)?
7
Let q(h) = 4*h**2 - 552*h - 5869. Suppose 2*o - 37 + 1 = -4*l, -3*o = 5*l - 45. What is the remainder when q(-10) is divided by l?
6
Suppose 4*g - 216 = 5*q - 9*q, -3*g - 2*q + 164 = 0. Suppose 0 = 2*f - 4*y - 200, 0 = 5*f + g*y - 53*y - 526. What is the remainder when f is divided by 32?
8
Let p = -8 + 24. Suppose r - 3*t = 0, -4*t + p = r + t. Suppose 0 = 5*d - 71 + r. Calculate the remainder when 62 is divided by d.
10
Suppose 5*y = w + 8146, 5*y + 3*w - 1091 = 7071. What is the remainder when y is divided by 109?
104
Let t = -5 - -10. Suppose 0 = t*m - 143 + 18. Suppose -40*u + 6474 = 9*u + 398. What is the remainder when u is divided by m?
24
Calculate the remainder when 513 is divided by 24/40 + 5404/35.
48
Let a = 994 + -394. What is the remainder when a is divided by 297?
6
Suppose -52*w = -2066 - 1626. What is the remainder when 2555 is divided by w?
70
Let z = -4062 + 4491. Calculate the remainder when z is divided by 74.
59
Suppose 3*m - 3*r - 337 = -37, -5 = -5*r. What is the remainder when 146 is divided by m?
45
Let y be ((-21)/14)/((-2)/100). Suppose -2*k = k - y. Calculate the remainder when k is divided by (-32)/24 - -1*(-62)/(-6).
7
Suppose -2*m + 6*m = -4, -2*m - 4 = -n. Let w be n + -5 - (12 + 0). Calculate the remainder when 150 is divided by (51/w)/(2/10*-1).
14
Let g(j) = 48*j**2 + 93*j + 25. What is the remainder when 8185 is divided by g(-3)?
175
Let u(a) = -1. Let s(o) = 2*o + 2. Let x(y) = -s(y) - 3*u(y). Let l be x(-1). What is the remainder when 1*(l - 1) - -79 is divided by 28?
25
Let d be 5/((18/15 + -1)*5). Suppose 0 = 3*z + 3*n - 15, 0*z = -d*z + n + 13. Suppose 3*f - 88 = -f. What is the remainder when f is divided by z?
1
Suppose -2*o - 6 = -3*d, -d - 3*d - o = -8. Let k(i) = i**2 - 6 + i - 2*i**2 + i + 3*i**d. What is the remainder when 71 is divided by k(3)?
17
Suppose -53*f + 8996 = -2959 + 1620. Let o(q) = q**3 + q**2 + 46. Calculate the remainder when f is divided by o(0).
11
Calculate the remainder when (2 - (-193710)/231)*14/4 is divided by 109.
108
Suppose 0 = 4*x + 8, 0 = 3*o - 5*x - 79. Let u = 20823 - 20714. Calculate the remainder when u is divided by o.
17
Suppose 0 = 5*y - 4 - 11, -4*y - 246 = -j. Suppose 0 = -143*o + 4426 + 7872. What is the remainder when j is divided by o?
0
Suppose 2*l + 1115 = 5*p, 3*p - 3*l = -0*l + 669. Suppose 127 = -5*g + 677. Calculate the remainder when p is divided by (-2 + 0 - g)/(3 + -5).
55
Let n(o) = 7*o**3 - 3*o**2. Let l be n(-1). W